or of 19 and 551?
19
What is the greatest common divisor of 72 and 5256?
72
Calculate the highest common factor of 166 and 4482.
166
Calculate the highest common divisor of 150 and 1000.
50
Calculate the greatest common divisor of 26 and 598.
26
Calculate the greatest common divisor of 104 and 5941.
13
What is the greatest common divisor of 3071 and 185?
37
What is the highest common divisor of 26 and 234?
26
What is the highest common factor of 1 and 4219?
1
What is the greatest common divisor of 484 and 341?
11
Calculate the greatest common divisor of 42 and 98.
14
What is the highest common factor of 305 and 40?
5
Calculate the greatest common divisor of 295 and 944.
59
Calculate the greatest common divisor of 102 and 136.
34
Calculate the highest common factor of 56 and 21.
7
Calculate the greatest common divisor of 28 and 994.
14
Calculate the highest common divisor of 243 and 6723.
81
Calculate the highest common divisor of 472 and 56.
8
Calculate the greatest common divisor of 260 and 250.
10
Calculate the highest common divisor of 20 and 940.
20
Calculate the greatest common divisor of 6237 and 11.
11
What is the highest common factor of 94 and 72286?
94
Calculate the highest common divisor of 1241 and 17.
17
What is the greatest common divisor of 27 and 684?
9
Calculate the highest common divisor of 2750 and 30.
10
Calculate the highest common divisor of 230 and 30.
10
What is the highest common divisor of 320 and 5?
5
What is the greatest common factor of 58 and 7?
1
What is the greatest common factor of 40 and 170?
10
Calculate the highest common factor of 40 and 760.
40
What is the greatest common factor of 160 and 800?
160
What is the greatest common divisor of 13 and 10647?
13
Calculate the highest common divisor of 44 and 33.
11
Calculate the greatest common divisor of 3 and 198.
3
Calculate the greatest common divisor of 928 and 58.
58
What is the greatest common divisor of 1158 and 6?
6
Calculate the greatest common divisor of 600 and 288.
24
What is the greatest common divisor of 8 and 26500?
4
Calculate the highest common divisor of 61 and 1647.
61
What is the highest common divisor of 1537 and 29?
29
Calculate the greatest common divisor of 354 and 288.
6
What is the highest common divisor of 4 and 142?
2
Calculate the highest common factor of 527 and 31.
31
Calculate the greatest common divisor of 100 and 12.
4
What is the highest common divisor of 18 and 2088?
18
What is the highest common factor of 68 and 2176?
68
Calculate the highest common divisor of 3 and 11.
1
Calculate the greatest common divisor of 3658 and 944.
118
What is the greatest common factor of 987 and 14?
7
Calculate the greatest common divisor of 72 and 42.
6
What is the highest common divisor of 165 and 462?
33
Calculate the highest common factor of 4895 and 165.
55
Calculate the greatest common divisor of 365 and 292.
73
What is the highest common divisor of 121 and 83611?
121
What is the greatest common factor of 240 and 408?
24
Calculate the greatest common divisor of 8750 and 14.
14
Calculate the greatest common divisor of 190 and 4.
2
What is the highest common divisor of 30 and 2910?
30
What is the greatest common factor of 5 and 93?
1
What is the highest common divisor of 1271 and 434?
31
Calculate the greatest common divisor of 4921 and 2128.
133
What is the greatest common factor of 63 and 14?
7
What is the highest common divisor of 26780 and 260?
260
What is the highest common factor of 1092 and 468?
156
What is the greatest common factor of 323 and 133?
19
Calculate the highest common factor of 243 and 18.
9
Calculate the greatest common factor of 24 and 5.
1
Calculate the greatest common factor of 11 and 8910.
11
What is the highest common factor of 17 and 3?
1
What is the highest common factor of 1342 and 132?
22
Calculate the greatest common factor of 23 and 1.
1
What is the greatest common factor of 20 and 45?
5
What is the highest common divisor of 17180 and 20?
20
Calculate the highest common factor of 120 and 408.
24
What is the greatest common divisor of 16 and 24?
8
Calculate the highest common factor of 2171 and 442.
13
What is the highest common divisor of 66 and 294?
6
Calculate the greatest common divisor of 1302 and 126.
42
What is the greatest common divisor of 70 and 80?
10
Calculate the greatest common divisor of 17 and 2329.
17
Calculate the highest common divisor of 39 and 195.
39
What is the highest common divisor of 1892 and 66?
22
Calculate the highest common divisor of 200 and 96.
8
What is the greatest common factor of 1044 and 232?
116
What is the greatest common divisor of 245 and 294?
49
What is the greatest common factor of 381 and 2413?
127
What is the greatest common factor of 26 and 21814?
26
What is the greatest common factor of 133 and 2261?
133
What is the greatest common factor of 4832 and 64?
32
What is the greatest common divisor of 640 and 15?
5
Calculate the highest common divisor of 92 and 4692.
92
What is the highest common factor of 1003 and 34?
17
Calculate the greatest common factor of 42 and 896.
14
What is the greatest common factor of 9 and 963?
9
Calculate the highest common divisor of 2675 and 400.
25
Calculate the highest common factor of 129 and 45537.
129
What is the highest common divisor of 6 and 114?
6
Calculate the greatest common factor of 2004 and 156.
12
Calculate the greatest common divisor of 124 and 527.
31
Calculate the highest common factor of 665 and 14.
7
Calculate the greatest common divisor of 8 and 3232.
8
What is the highest common factor of 703 and 1591?
37
What is the greatest common factor of 464 and 3799?
29
Calculate the highest common factor of 244 and 671.
61
What is the greatest common divisor of 592 and 64?
16
What is the greatest common divisor of 243 and 405?
81
What is the highest common divisor of 34 and 1343?
17
What is the highest common divisor of 114 and 6?
6
Calculate the greatest common factor of 4 and 250.
2
What is the greatest common divisor of 143 and 637?
13
Calculate the highest common factor of 93 and 33.
3
Calculate the highest common factor of 174 and 2175.
87
Calculate the highest common divisor of 57 and 2679.
57
What is the greatest common factor of 25 and 725?
25
Calculate the highest common divisor of 304 and 95.
19
What is the highest common divisor of 4 and 6098?
2
Calculate the highest common factor of 120 and 1040.
40
What is the greatest common divisor of 126 and 140?
14
Calculate the greatest common divisor of 38668 and 14.
14
Calculate the greatest common factor of 34 and 8262.
34
Calculate the greatest common divisor of 44 and 1254.
22
Calculate the greatest common factor of 19 and 285.
19
Calculate the greatest common divisor of 11400 and 240.
120
What is the highest common factor of 64 and 20?
4
What is the greatest common factor of 264 and 132?
132
Calculate the highest common factor of 190 and 142.
2
Calculate the greatest common factor of 637 and 52.
13
What is the greatest common factor of 52 and 38584?
52
Calculate the greatest common divisor of 190 and 20.
10
What is the greatest common divisor of 2071 and 1273?
19
What is the highest common divisor of 228 and 37734?
114
Calculate the highest common factor of 95 and 57.
19
Calculate the highest common factor of 180 and 108.
36
What is the highest common factor of 469 and 134?
67
What is the highest common factor of 488 and 61?
61
What is the highest common divisor of 6656 and 26?
26
What is the greatest common factor of 220 and 715?
55
Calculate the highest common factor of 194 and 5141.
97
Calculate the greatest common divisor of 148 and 4403.
37
What is the greatest common divisor of 47557 and 19?
19
Calculate the greatest common factor of 400 and 950.
50
What is the highest common divisor of 75 and 26300?
25
Calculate the highest common divisor of 98 and 94766.
98
What is the greatest common factor of 248 and 341?
31
Calculate the greatest common factor of 84 and 264.
12
Calculate the greatest common factor of 84 and 735.
21
Calculate the greatest common factor of 323 and 19.
19
Calculate the greatest common divisor of 216 and 17037.
27
Calculate the greatest common divisor of 532 and 28.
28
Calculate the greatest common divisor of 122 and 14.
2
Calculate the highest